{"id":403,"date":"2021-03-23T09:27:21","date_gmt":"2021-03-23T09:27:21","guid":{"rendered":"https:\/\/www.parikkalanrauta.fi\/?page_id=403"},"modified":"2022-08-19T07:04:20","modified_gmt":"2022-08-19T07:04:20","slug":"kuljetuspalvelu","status":"publish","type":"page","link":"https:\/\/www.parikkalanrauta.fi\/?page_id=403","title":{"rendered":"Kuljetuspalvelu"},"content":{"rendered":"\t\t<div data-elementor-type=\"wp-page\" data-elementor-id=\"403\" class=\"elementor elementor-403\">\n\t\t\t\t\t\t<section class=\"elementor-section elementor-top-section elementor-element elementor-element-796f7063 elementor-section-boxed elementor-section-height-default elementor-section-height-default\" data-id=\"796f7063\" data-element_type=\"section\" data-e-type=\"section\">\n\t\t\t\t\t\t<div class=\"elementor-container elementor-column-gap-default\">\n\t\t\t\t\t<div class=\"elementor-column elementor-col-100 elementor-top-column elementor-element elementor-element-16a8de4\" data-id=\"16a8de4\" data-element_type=\"column\" data-e-type=\"column\">\n\t\t\t<div class=\"elementor-widget-wrap elementor-element-populated\">\n\t\t\t\t\t\t<div class=\"elementor-element elementor-element-3baedcf elementor-widget elementor-widget-image\" data-id=\"3baedcf\" data-element_type=\"widget\" data-e-type=\"widget\" data-widget_type=\"image.default\">\n\t\t\t\t<div class=\"elementor-widget-container\">\n\t\t\t\t\t\t\t\t\t\t\t\t\t\t\t<img fetchpriority=\"high\" decoding=\"async\" width=\"750\" height=\"563\" src=\"https:\/\/www.parikkalanrauta.fi\/wp-content\/uploads\/2022\/08\/20220818_185408-1024x768.jpg\" class=\"attachment-large size-large wp-image-1425\" alt=\"\" srcset=\"https:\/\/www.parikkalanrauta.fi\/wp-content\/uploads\/2022\/08\/20220818_185408-1024x768.jpg 1024w, https:\/\/www.parikkalanrauta.fi\/wp-content\/uploads\/2022\/08\/20220818_185408-300x225.jpg 300w, https:\/\/www.parikkalanrauta.fi\/wp-content\/uploads\/2022\/08\/20220818_185408-768x576.jpg 768w, https:\/\/www.parikkalanrauta.fi\/wp-content\/uploads\/2022\/08\/20220818_185408-1536x1152.jpg 1536w, https:\/\/www.parikkalanrauta.fi\/wp-content\/uploads\/2022\/08\/20220818_185408.jpg 2000w\" sizes=\"(max-width: 750px) 100vw, 750px\" \/>\t\t\t\t\t\t\t\t\t\t\t\t\t\t\t<\/div>\n\t\t\t\t<\/div>\n\t\t\t\t<div class=\"elementor-element elementor-element-3c3b58d5 elementor-widget elementor-widget-text-editor\" data-id=\"3c3b58d5\" data-element_type=\"widget\" data-e-type=\"widget\" data-widget_type=\"text-editor.default\">\n\t\t\t\t<div class=\"elementor-widget-container\">\n\t\t\t\t\t\t\t\t\t\n<p>Kuljetamme tarvittaessa kaikki tuotteet edullisesti kohteeseesi omalla kalustollamme. K\u00e4yt\u00f6ss\u00e4mme on nosturilla varustettu t\u00e4ysper\u00e4vaunuyhdistelm\u00e4, jolla saat tarvitsemasi tuotteet vaivattomasti haluamaasi paikkaan.<\/p>\n\n\n\n<p>Meilt\u00e4 voit my\u00f6s lainata henkil\u00f6auton per\u00e4k\u00e4rry\u00e4, jos haluat itse kuljettaa ostamasi tuotteet. <\/p>\n\n\n\n<p>Kuljetuspalveluumme kuuluu my\u00f6s viljakauppa. Toimitamme ymp\u00e4ri vuoden viljaa satamiin ja rehutehtaille.<br>Pystymme toimittamaan joustavasti 10tn-40tn eri\u00e4 kerrallaan. <br>Palveluumme kuuluu my\u00f6s kuivaamattoman tuoreviljan toimitukset &#8211; vaikka puintiaikaan suoraan peltosi laidasta.<br>Soita ja kysy lis\u00e4\u00e4: Jouni Saukkonen p.0500 550 465<br><br><\/p>\n\t\t\t\t\t\t\t\t<\/div>\n\t\t\t\t<\/div>\n\t\t\t\t\t<\/div>\n\t\t<\/div>\n\t\t\t\t\t<\/div>\n\t\t<\/section>\n\t\t\t\t<section class=\"elementor-section elementor-top-section elementor-element elementor-element-6db4be0 elementor-section-boxed elementor-section-height-default elementor-section-height-default\" data-id=\"6db4be0\" data-element_type=\"section\" data-e-type=\"section\">\n\t\t\t\t\t\t<div class=\"elementor-container elementor-column-gap-default\">\n\t\t\t\t\t<div class=\"elementor-column elementor-col-100 elementor-top-column elementor-element elementor-element-8cbb0b2\" data-id=\"8cbb0b2\" data-element_type=\"column\" data-e-type=\"column\">\n\t\t\t<div class=\"elementor-widget-wrap\">\n\t\t\t\t\t\t\t<\/div>\n\t\t<\/div>\n\t\t\t\t\t<\/div>\n\t\t<\/section>\n\t\t\t\t<\/div>\n\t\t","protected":false},"excerpt":{"rendered":"<p>Kuljetamme tarvittaessa kaikki tuotteet edullisesti kohteeseesi omalla kalustollamme. K\u00e4yt\u00f6ss\u00e4mme on nosturilla varustettu t\u00e4ysper\u00e4vaunuyhdistelm\u00e4, jolla saat tarvitsemasi tuotteet vaivattomasti haluamaasi paikkaan. Meilt\u00e4 voit my\u00f6s lainata henkil\u00f6auton per\u00e4k\u00e4rry\u00e4, jos haluat itse kuljettaa ostamasi tuotteet. Kuljetuspalveluumme kuuluu my\u00f6s viljakauppa. Toimitamme ymp\u00e4ri vuoden viljaa satamiin ja rehutehtaille.Pystymme toimittamaan joustavasti 10tn-40tn eri\u00e4 kerrallaan. Palveluumme kuuluu [&hellip;]<\/p>\n","protected":false},"author":1,"featured_media":0,"parent":0,"menu_order":0,"comment_status":"closed","ping_status":"closed","template":"","meta":{"_uag_custom_page_level_css":"","footnotes":""},"class_list":["post-403","page","type-page","status-publish","hentry"],"uagb_featured_image_src":{"full":false,"thumbnail":false,"medium":false,"medium_large":false,"large":false,"1536x1536":false,"2048x2048":false,"hestia-blog":false},"uagb_author_info":{"display_name":"admin","author_link":"https:\/\/www.parikkalanrauta.fi\/?author=1"},"uagb_comment_info":0,"uagb_excerpt":"Kuljetamme tarvittaessa kaikki tuotteet edullisesti kohteeseesi omalla kalustollamme. K\u00e4yt\u00f6ss\u00e4mme on nosturilla varustettu t\u00e4ysper\u00e4vaunuyhdistelm\u00e4, jolla saat tarvitsemasi tuotteet vaivattomasti haluamaasi paikkaan. Meilt\u00e4 voit my\u00f6s lainata henkil\u00f6auton per\u00e4k\u00e4rry\u00e4, jos haluat itse kuljettaa ostamasi tuotteet. Kuljetuspalveluumme kuuluu my\u00f6s viljakauppa. Toimitamme ymp\u00e4ri vuoden viljaa satamiin ja rehutehtaille.Pystymme toimittamaan joustavasti 10tn-40tn eri\u00e4 kerrallaan. Palveluumme kuuluu [&hellip;]","_links":{"self":[{"href":"https:\/\/www.parikkalanrauta.fi\/index.php?rest_route=\/wp\/v2\/pages\/403","targetHints":{"allow":["GET"]}}],"collection":[{"href":"https:\/\/www.parikkalanrauta.fi\/index.php?rest_route=\/wp\/v2\/pages"}],"about":[{"href":"https:\/\/www.parikkalanrauta.fi\/index.php?rest_route=\/wp\/v2\/types\/page"}],"author":[{"embeddable":true,"href":"https:\/\/www.parikkalanrauta.fi\/index.php?rest_route=\/wp\/v2\/users\/1"}],"replies":[{"embeddable":true,"href":"https:\/\/www.parikkalanrauta.fi\/index.php?rest_route=%2Fwp%2Fv2%2Fcomments&post=403"}],"version-history":[{"count":11,"href":"https:\/\/www.parikkalanrauta.fi\/index.php?rest_route=\/wp\/v2\/pages\/403\/revisions"}],"predecessor-version":[{"id":1428,"href":"https:\/\/www.parikkalanrauta.fi\/index.php?rest_route=\/wp\/v2\/pages\/403\/revisions\/1428"}],"wp:attachment":[{"href":"https:\/\/www.parikkalanrauta.fi\/index.php?rest_route=%2Fwp%2Fv2%2Fmedia&parent=403"}],"curies":[{"name":"wp","href":"https:\/\/api.w.org\/{rel}","templated":true}]}}